Let c = f - h. What is the tens digit of c?
1
Let d(p) = -p**2 + 4*p - 2. Let l be d(4). Suppose 4*h = -4*y - 88, 0 = 5*h - 5*y + 33 + 37. What is the units digit of (5 + -4)/(l/h)?
9
Suppose 2*n = -2*u + 2, -4*n - 3 + 1 = 2*u. Let o be 10/(-20) - 97/(-2). Suppose 4*v = -m + 44, 0 = 4*v - m + u*m - o. What is the tens digit of v?
1
Suppose p - 5*g = -10, 0*p - 7 = p - 2*g. Let w = p + 3. What is the tens digit of (-5 + 4)/(w/86)?
4
Suppose 0 = -4*v - 4, 3983 = 5*m + 3*v - 254. What is the tens digit of m?
4
Suppose 4*d + 11 = 19. Suppose 3*z + 3*h - 33 = 0, 2*h = -d*z + 5*h + 17. What is the tens digit of z?
1
Let l(s) = 4*s**2 - 12*s - 6. Let f(g) = -3*g**2 + 11*g + 6. Let k(x) = -5*f(x) - 4*l(x). Let v be k(-4). What is the units digit of 34/6 + v/18?
6
Let u(t) = -293*t**3 - 2*t - 1. Let l be u(-1). Suppose 9*q = 2*q + l. What is the tens digit of q?
4
Suppose -39 = -2*j - 23. Suppose -5*i + j*i - 261 = 0. What is the units digit of i?
7
Suppose -r + 1506 = 86. What is the units digit of r?
0
Let i be (82 + -1)/((-6)/(-4)). Suppose -3*j + 2 = -s, 0*j + i = -3*s - 3*j. What is the units digit of (-66)/s + 8/28?
5
Let x = -30 + 32. Let m(b) be the second derivative of 23*b**3/6 - 2*b**2 - 5*b. What is the tens digit of m(x)?
4
Let h be (-6 - -2) + (-1 - (1 - 10)). Let i = 40 + -12. Suppose -i = h*p - 80. What is the units digit of p?
3
Let k be (1 - 3)/(2/71). Let p(z) = z**3 + 10*z**2 + 6*z + 13. Let s be p(-7). Let w = k + s. What is the tens digit of w?
4
Let s = -90 + 138. Let b = -37 + s. What is the tens digit of b?
1
Suppose 0 = -k - 74 + 188. What is the tens digit of k + 10 + 3/1?
2
What is the units digit of (-3544)/(20/(-5)) - 7?
9
Suppose 4*m - 2*m - 2*y - 1022 = 0, 5*y - 2505 = -5*m. What is the hundreds digit of m?
5
Suppose 2*m + 7*m - 45 = 0. Let h(o) = 4*o**2 + 8*o - 11. What is the hundreds digit of h(m)?
1
Let t = 92 - 90. What is the tens digit of (-678)/24*(t + -6)?
1
Let g = -34 + 34. Suppose g = y - 11 - 3. What is the tens digit of y?
1
Suppose 3*j - 660 = -7*j. Suppose -2*f = f + 54. Let l = f + j. What is the tens digit of l?
4
Suppose 5*u - 469 - 206 = 0. Let n = u - 64. What is the units digit of n?
1
Let p = -440 - -456. Let c be 2 + -1 + (-75)/(-1). What is the tens digit of (p + -22)*c/(-6)?
7
Let k = -22 + 25. Suppose 5*b + k*m = 55, -b - 17 = -0*b - 5*m. What is the units digit of b?
8
Let d(f) = -7*f + 0*f + 6*f - 4 + f**2. Let i be d(3). Suppose 3*x + 35 = 2*b - 11, -x = -i*b + 38. What is the tens digit of b?
1
Suppose 896 = 5*n - 4*c, 5*n - 2*n - c - 539 = 0. Suppose -16 = 4*p - 0*h + 2*h, -4 = 2*p + 3*h. What is the units digit of (2/p)/((-6)/n)?
2
Suppose 512 = -11*f + 2228. What is the units digit of f?
6
Let c = 7325 + -4929. What is the thousands digit of c?
2
Let f(g) = 5*g + 97. What is the tens digit of f(-15)?
2
What is the units digit of -2 + (-18)/(-6) - (-1738 + 1)?
8
Let o(s) = -72*s - 164. What is the tens digit of o(-5)?
9
What is the units digit of 107270/(-255)*(-7 + 1)?
4
Suppose -1968 - 736 = -2*a - 4*x, 0 = 5*a + x - 6760. What is the units digit of a?
2
Let f(s) = 119*s + 45. What is the tens digit of f(5)?
4
Suppose -2*y + 4*y - 4 = 0. Suppose y*t + 4 = 3*t. Suppose -12 = -4*v, -5*w = -t*v + 2*v - 69. What is the tens digit of w?
1
Suppose -5*u + 7 = 2*u. What is the units digit of (-1 - u)*(11 + -110)?
8
Let d(t) = 4*t**2. Let v be d(1). Suppose 5*o = 5*y - 220, v*y - 5*o = 127 + 46. Suppose 5*l = -4*q + 62, 3*q - 4*l = 6*q - y. What is the units digit of q?
3
Let i = 618 - 63. What is the hundreds digit of i?
5
Suppose 34*v - 33*v + 3*r - 656 = 0, -2*r + 652 = v. What is the units digit of v?
4
Let b be 14 + (-4*1 - -1). Let k = b - 16. What is the units digit of (-2)/k + 206/10?
1
Let w = 109 + 7. Suppose 2*g - 34 = w. What is the units digit of g?
5
Suppose -5*d + 111 = -79. Let i = d - 103. Let m = -39 - i. What is the units digit of m?
6
Let d = -281 + 313. What is the tens digit of d?
3
Let b(w) = -12*w + 12. Let m be b(4). Let x = -32 - m. Suppose -x*h = h - 255. What is the units digit of h?
1
Let c(m) = -7*m + 31. Let k be c(5). Suppose -5*x - 74 = -289. What is the units digit of (x - 4)*k/(-12)?
3
Suppose 0 = u + 2*u. Suppose -r = -4, -2*g - 212 = -r - u*r. Let a = 156 + g. What is the units digit of a?
2
Suppose -2*i - 20 = -2*t, 5*i = -0*i - 5. Suppose -o = t*o - 2290. What is the units digit of o?
9
Suppose 3*a - 1156 = -l, -5*a - 5*l - 1272 = -3192. What is the tens digit of a?
8
Suppose -6*p + 6032 = 392. What is the hundreds digit of p?
9
Let w be (-3 - -12)/((-12)/8). What is the tens digit of 33*(4 - (-20)/w)?
2
Let i(v) = -28*v**3 - 2*v**2 - v - 5. Let w be i(-2). Suppose w = 2*u + 45. What is the tens digit of u?
8
Suppose -2*y - 2 = -3*y. Let r = 299 - 293. What is the units digit of (3 - -2)/(y/r)?
5
Suppose -2*b + 3*b - 926 = 4*j, 4598 = 5*b - 4*j. What is the tens digit of b?
1
What is the thousands digit of ((-54450)/(-715) + (-2)/13)*36?
2
Let c(r) = -r**2 - 7*r + 9. Let a be c(-11). Let z(w) = -w**3 - 5*w**2 - 4*w + 1. Let i be z(-3). What is the units digit of i/(-2)*(-56)/a?
4
Suppose 0 = 19*s - 1758 + 409. What is the units digit of s?
1
Suppose 2*d = -0*d + 30. Let a(g) = -g**3 + 8*g**2 + 7*g - 17. Let y be a(8). Let t = y - d. What is the tens digit of t?
2
Suppose -z = 3*u - 1161, -3*z + 4*u + 2302 = -z. Suppose 10*m = 45 + z. What is the tens digit of m?
2
Let c be 18/12*(-8)/(-6). Suppose 0 = -c*m + 85 + 277. What is the tens digit of m?
8
Suppose -9*q = -402 - 237. Let n = 39 + q. What is the hundreds digit of n?
1
Suppose -9*z + 5*z + 4940 = -4*d, 3681 = 3*z + 5*d. Suppose 17*u + z = 25*u. What is the tens digit of u?
5
Suppose 0 = 9*r - 2*r - 42. What is the units digit of (50/r)/((-2)/(-6))?
5
Suppose 5*x + 2*x = 308. Let k be (-2)/(4 + (-178)/x). What is the units digit of k/1 - (-1 + 2)?
3
Suppose -4*g + u + 43 = 0, g + 0*g - 13 = u. Let n be 34/g + 4/(-10). Suppose 5*r - 32 = -n*k, -k - 2*k = -3*r - 24. What is the units digit of k?
9
Suppose 20 = -4*r, 10 = -3*w + 4*w - 2*r. Suppose 0*c + 4*c = w, 5*c + 267 = 3*z. Let n = -33 + z. What is the units digit of n?
6
Suppose 6*h - 638 = 1906. What is the hundreds digit of h?
4
Let h(d) = -d**3 + d**2 - d. Let b(g) = g**2 + 5. Let p(z) = b(z) + h(z). What is the tens digit of p(-5)?
8
Let i = 2446 + -766. What is the tens digit of i?
8
Suppose 4*k = -5*n + 1279, 4*k - 32*n + 31*n - 1309 = 0. What is the units digit of k?
6
What is the hundreds digit of (-5)/(665/(-52416)) + 4/(-38)?
3
Let w = 103 + -71. Suppose w*v + 189 = 35*v. What is the units digit of v?
3
Let o be -1*(-3 + 3 + -1). Let g = o + 10. What is the tens digit of g?
1
What is the hundreds digit of 3*1538/12*(-13 - -15)?
7
Let y = 1483 + -595. What is the hundreds digit of y?
8
Let j = 1320 - -3261. What is the tens digit of j?
8
Let y(b) = 2*b**2 + 10*b**3 - 1 - b - 3*b**2 + b**2. Let s be y(-1). Let h(d) = d**3 + 9*d**2 - 13*d - 5. What is the tens digit of h(s)?
2
Let i be (-9)/(1*(-6)/16). Let y = 24 - i. Suppose y = j - 28 - 4. What is the tens digit of j?
3
Let a = 7 - 4. Suppose -4*i + 6*i = -3*f + 267, 0 = a*f + 3*i - 267. What is the tens digit of f?
8
Let f be (90/(-24))/((-1)/4). Let h be (12/18)/((-2)/f). What is the tens digit of (h - -4)*-3 + 32?
3
Let s(p) = -7*p**2 + 3*p - 8 - 3*p - p - p**3 - 6*p. Let q be s(-6). What is the tens digit of (-4)/(-4)*-14*q?
2
Let i = 10 - 7. Suppose -6*r - b = -2*r - 25, -i*r = -3*b - 30. Suppose k = 36 - r. What is the units digit of k?
9
Let n(v) = -9*v**3 + v - 1. Let q be n(1). Let r = 12 + q. Suppose 332 - 119 = 3*t + r*o, -4*t + 5*o = -266. What is the tens digit of t?
6
Let x be (-3 + 3 - 2)*101/2. What is the units digit of -4 - (-2 - x)/(-3)?
9
Let o be 15/6*(-16)/(-10). Suppose o*t - 7 = 13. Let w = t - -32. What is the tens digit of w?
3
What is the units digit of (-4)/(32/(-3794)) + 12/(-48)?
4
Let i be 0/(2/(-11) - 384/(-176)). Suppose i = 2*y + x - 12 - 30, y = 5*x + 21. What is the tens digit of y?
2
Suppose z + 5*u + 5 = 12, 3*u + 3 = 3*z. Let n be (7 + -10)/((-2)/z). Suppose 33 = n*g - 9. What is the units digit of g?
4
Suppose j + j - 90 = 0. Suppose -20*n = -19*n - j. Suppose -6*q + 51 = -n. What is the tens digit of q?
1
What is the hundreds digit of (33825/50